[INFO] cloning repository https://github.com/Bubbler-4/TryInBrowser
[INFO] running `Command { std: "git" "-c" "credential.helper=" "-c" "credential.helper=/workspace/cargo-home/bin/git-credential-null" "clone" "--bare" "https://github.com/Bubbler-4/TryInBrowser" "/workspace/cache/git-repos/https%3A%2F%2Fgithub.com%2FBubbler-4%2FTryInBrowser", kill_on_drop: false }`
[INFO] [stderr] Cloning into bare repository '/workspace/cache/git-repos/https%3A%2F%2Fgithub.com%2FBubbler-4%2FTryInBrowser'...
[INFO] running `Command { std: "git" "rev-parse" "HEAD", kill_on_drop: false }`
[INFO] [stdout] 4342daa290c34b7613ce31764faa73191a0a40ad
[INFO] checking Bubbler-4/TryInBrowser against master#9610dfe5a9a731ced1ea4923ecbd0c57fe367898 for beta-170-4
[INFO] running `Command { std: "git" "clone" "/workspace/cache/git-repos/https%3A%2F%2Fgithub.com%2FBubbler-4%2FTryInBrowser" "/workspace/builds/worker-4-tc1/source", kill_on_drop: false }`
[INFO] [stderr] Cloning into '/workspace/builds/worker-4-tc1/source'...
[INFO] [stderr] done.
[INFO] validating manifest of git repo https://github.com/Bubbler-4/TryInBrowser on toolchain 9610dfe5a9a731ced1ea4923ecbd0c57fe367898
[INFO] running `Command { std: CARGO_HOME="/workspace/cargo-home" RUSTUP_HOME="/workspace/rustup-home" "/workspace/cargo-home/bin/cargo" "+9610dfe5a9a731ced1ea4923ecbd0c57fe367898" "metadata" "--manifest-path" "Cargo.toml" "--no-deps", kill_on_drop: false }`
[INFO] removed /workspace/builds/worker-4-tc1/source/rust-toolchain.toml
[INFO] started tweaking git repo https://github.com/Bubbler-4/TryInBrowser
[INFO] finished tweaking git repo https://github.com/Bubbler-4/TryInBrowser
[INFO] tweaked toml for git repo https://github.com/Bubbler-4/TryInBrowser written to /workspace/builds/worker-4-tc1/source/Cargo.toml
[INFO] crate git repo https://github.com/Bubbler-4/TryInBrowser already has a lockfile, it will not be regenerated
[INFO] running `Command { std: CARGO_HOME="/workspace/cargo-home" RUSTUP_HOME="/workspace/rustup-home" "/workspace/cargo-home/bin/cargo" "+9610dfe5a9a731ced1ea4923ecbd0c57fe367898" "fetch" "--manifest-path" "Cargo.toml", kill_on_drop: false }`
[INFO] [stderr]     Updating crates.io index
[INFO] [stderr]  Downloading crates ...
[INFO] [stderr]   Downloaded serde_closure_derive v0.3.2
[INFO] [stderr]   Downloaded gloo-events v0.1.1
[INFO] [stderr]   Downloaded serde_closure v0.3.2
[INFO] [stderr]   Downloaded gloo-file v0.1.0
[INFO] [stderr]   Downloaded seed v0.8.0
[INFO] [stderr]   Downloaded dbg v1.0.4
[INFO] running `Command { std: "docker" "create" "-v" "/var/lib/crater-agent-workspace/builds/worker-4-tc1/target:/opt/rustwide/target:rw,Z" "-v" "/var/lib/crater-agent-workspace/builds/worker-4-tc1/source:/opt/rustwide/workdir:ro,Z" "-v" "/var/lib/crater-agent-workspace/cargo-home:/opt/rustwide/cargo-home:ro,Z" "-v" "/var/lib/crater-agent-workspace/rustup-home:/opt/rustwide/rustup-home:ro,Z" "-e" "SOURCE_DIR=/opt/rustwide/workdir" "-e" "CARGO_TARGET_DIR=/opt/rustwide/target" "-e" "CARGO_HOME=/opt/rustwide/cargo-home" "-e" "RUSTUP_HOME=/opt/rustwide/rustup-home" "-w" "/opt/rustwide/workdir" "-m" "1610612736" "--user" "0:0" "--network" "none" "ghcr.io/rust-lang/crates-build-env/linux@sha256:19e73879b68f455e41552ea35293514db52ea292d993f571636dbffedb77a1ee" "/opt/rustwide/cargo-home/bin/cargo" "+9610dfe5a9a731ced1ea4923ecbd0c57fe367898" "metadata" "--no-deps" "--format-version=1", kill_on_drop: false }`
[INFO] [stdout] cac2465c66fcc3b59028da0bbabc3e997cf3059ff8ac0201972586d273fb643d
[INFO] running `Command { std: "docker" "start" "-a" "cac2465c66fcc3b59028da0bbabc3e997cf3059ff8ac0201972586d273fb643d", kill_on_drop: false }`
[INFO] running `Command { std: "docker" "inspect" "cac2465c66fcc3b59028da0bbabc3e997cf3059ff8ac0201972586d273fb643d", kill_on_drop: false }`
[INFO] running `Command { std: "docker" "rm" "-f" "cac2465c66fcc3b59028da0bbabc3e997cf3059ff8ac0201972586d273fb643d", kill_on_drop: false }`
[INFO] [stdout] cac2465c66fcc3b59028da0bbabc3e997cf3059ff8ac0201972586d273fb643d
[INFO] running `Command { std: "docker" "create" "-v" "/var/lib/crater-agent-workspace/builds/worker-4-tc1/target:/opt/rustwide/target:rw,Z" "-v" "/var/lib/crater-agent-workspace/builds/worker-4-tc1/source:/opt/rustwide/workdir:ro,Z" "-v" "/var/lib/crater-agent-workspace/cargo-home:/opt/rustwide/cargo-home:ro,Z" "-v" "/var/lib/crater-agent-workspace/rustup-home:/opt/rustwide/rustup-home:ro,Z" "-e" "SOURCE_DIR=/opt/rustwide/workdir" "-e" "CARGO_TARGET_DIR=/opt/rustwide/target" "-e" "CARGO_INCREMENTAL=0" "-e" "RUST_BACKTRACE=full" "-e" "RUSTFLAGS=--cap-lints=forbid" "-e" "RUSTDOCFLAGS=--cap-lints=forbid" "-e" "CARGO_HOME=/opt/rustwide/cargo-home" "-e" "RUSTUP_HOME=/opt/rustwide/rustup-home" "-w" "/opt/rustwide/workdir" "-m" "1610612736" "--user" "0:0" "--network" "none" "ghcr.io/rust-lang/crates-build-env/linux@sha256:19e73879b68f455e41552ea35293514db52ea292d993f571636dbffedb77a1ee" "/opt/rustwide/cargo-home/bin/cargo" "+9610dfe5a9a731ced1ea4923ecbd0c57fe367898" "check" "--frozen" "--all" "--all-targets" "--message-format=json", kill_on_drop: false }`
[INFO] [stdout] cb43c6ab208533f389e8b660f5d3a253e1f3fd053845247d4e9a04001cca67c3
[INFO] running `Command { std: "docker" "start" "-a" "cb43c6ab208533f389e8b660f5d3a253e1f3fd053845247d4e9a04001cca67c3", kill_on_drop: false }`
[INFO] [stderr]    Compiling syn v1.0.72
[INFO] [stderr]    Compiling log v0.4.14
[INFO] [stderr]    Compiling wasm-bindgen-shared v0.2.74
[INFO] [stderr]    Compiling libc v0.2.95
[INFO] [stderr]    Compiling bumpalo v3.7.0
[INFO] [stderr]    Compiling wasm-bindgen v0.2.74
[INFO] [stderr]     Checking futures-sink v0.3.15
[INFO] [stderr]    Compiling getrandom v0.1.16
[INFO] [stderr]     Checking futures-channel v0.3.15
[INFO] [stderr]    Compiling futures-util v0.3.15
[INFO] [stderr]    Compiling unicase v2.6.0
[INFO] [stderr]    Compiling version_check v0.1.5
[INFO] [stderr]     Checking futures-io v0.3.15
[INFO] [stderr]    Compiling indexmap v1.6.2
[INFO] [stderr]    Compiling cookie v0.14.4
[INFO] [stderr]    Compiling pulldown-cmark v0.8.0
[INFO] [stderr]    Compiling dbg v1.0.4
[INFO] [stderr]     Checking getopts v0.2.21
[INFO] [stderr]    Compiling serde_closure v0.3.2
[INFO] [stderr]    Compiling seed v0.8.0
[INFO] [stderr]     Checking traitobject v0.1.0
[INFO] [stderr]     Checking unsafe-any v0.4.2
[INFO] [stderr]     Checking enclose v1.1.8
[INFO] [stderr]    Compiling unindent v0.1.7
[INFO] [stderr]     Checking typemap v0.3.3
[INFO] [stderr]     Checking getrandom v0.2.3
[INFO] [stderr]     Checking once_cell v1.8.0
[INFO] [stderr]     Checking rand_core v0.5.1
[INFO] [stderr]    Compiling indoc v1.0.3
[INFO] [stderr]     Checking uuid v0.8.2
[INFO] [stderr]     Checking rand_pcg v0.2.1
[INFO] [stderr]     Checking rand_chacha v0.2.2
[INFO] [stderr]     Checking rand v0.7.3
[INFO] [stderr]    Compiling wasm-bindgen-backend v0.2.74
[INFO] [stderr]    Compiling serde_derive v1.0.126
[INFO] [stderr]    Compiling futures-macro v0.3.15
[INFO] [stderr]    Compiling time-macros-impl v0.1.1
[INFO] [stderr]    Compiling serde_closure_derive v0.3.2
[INFO] [stderr]    Compiling wasm-bindgen-macro-support v0.2.74
[INFO] [stderr]     Checking time-macros v0.1.1
[INFO] [stderr]     Checking time v0.2.26
[INFO] [stderr]    Compiling wasm-bindgen-macro v0.2.74
[INFO] [stderr]     Checking serde v1.0.126
[INFO] [stderr]     Checking futures-executor v0.3.15
[INFO] [stderr]     Checking futures v0.3.15
[INFO] [stderr]     Checking serde_json v1.0.64
[INFO] [stdout] error[E0059]: type parameter to bare `std::ops::FnOnce` trait must be a tuple
[INFO] [stdout]    --> /opt/rustwide/cargo-home/registry/src/index.crates.io-6f17d22bba15001f/serde_closure-0.3.2/src/lib.rs:572:6
[INFO] [stdout]     |
[INFO] [stdout] 572 |         T: ops::FnOnce<Args>,
[INFO] [stdout]     |            ^^^^^^^^^^^^^^^^^ the trait `Tuple` is not implemented for `Args`
[INFO] [stdout]     |
[INFO] [stdout] note: required by a bound in `std::ops::FnOnce`
[INFO] [stdout]    --> /rustc/9610dfe5a9a731ced1ea4923ecbd0c57fe367898/library/core/src/ops/function.rs:242:1
[INFO] [stdout] help: consider further restricting type parameter `Args`
[INFO] [stdout]     |
[INFO] [stdout] 572 |         T: ops::FnOnce<Args>, Args: std::marker::Tuple
[INFO] [stdout]     |                             ~~~~~~~~~~~~~~~~~~~~~~~~~~
[INFO] [stdout] 
[INFO] [stdout] 
[INFO] [stdout] error[E0059]: type parameter to bare `std::ops::FnMut` trait must be a tuple
[INFO] [stdout]    --> /opt/rustwide/cargo-home/registry/src/index.crates.io-6f17d22bba15001f/serde_closure-0.3.2/src/lib.rs:606:6
[INFO] [stdout]     |
[INFO] [stdout] 606 |         T: ops::FnMut<Args>,
[INFO] [stdout]     |            ^^^^^^^^^^^^^^^^ the trait `Tuple` is not implemented for `Args`
[INFO] [stdout]     |
[INFO] [stdout] note: required by a bound in `std::ops::FnMut`
[INFO] [stdout]    --> /rustc/9610dfe5a9a731ced1ea4923ecbd0c57fe367898/library/core/src/ops/function.rs:163:1
[INFO] [stdout] help: consider further restricting type parameter `Args`
[INFO] [stdout]     |
[INFO] [stdout] 606 |         T: ops::FnMut<Args>, Args: std::marker::Tuple
[INFO] [stdout]     |                            ~~~~~~~~~~~~~~~~~~~~~~~~~~
[INFO] [stdout] 
[INFO] [stdout] 
[INFO] [stdout] error[E0059]: type parameter to bare `std::ops::Fn` trait must be a tuple
[INFO] [stdout]    --> /opt/rustwide/cargo-home/registry/src/index.crates.io-6f17d22bba15001f/serde_closure-0.3.2/src/lib.rs:638:6
[INFO] [stdout]     |
[INFO] [stdout] 638 |         T: ops::Fn<Args>,
[INFO] [stdout]     |            ^^^^^^^^^^^^^ the trait `Tuple` is not implemented for `Args`
[INFO] [stdout]     |
[INFO] [stdout] note: required by a bound in `std::ops::Fn`
[INFO] [stdout]    --> /rustc/9610dfe5a9a731ced1ea4923ecbd0c57fe367898/library/core/src/ops/function.rs:76:1
[INFO] [stdout] help: consider further restricting type parameter `Args`
[INFO] [stdout]     |
[INFO] [stdout] 638 |         T: ops::Fn<Args>, Args: std::marker::Tuple
[INFO] [stdout]     |                         ~~~~~~~~~~~~~~~~~~~~~~~~~~
[INFO] [stdout] 
[INFO] [stdout] 
[INFO] [stdout] error[E0059]: type parameter to bare `std::ops::FnOnce` trait must be a tuple
[INFO] [stdout]    --> /opt/rustwide/cargo-home/registry/src/index.crates.io-6f17d22bba15001f/serde_closure-0.3.2/src/lib.rs:574:17
[INFO] [stdout]     |
[INFO] [stdout] 574 |         type Output = T::Output;
[INFO] [stdout]     |                       ^^^^^^^^^ the trait `Tuple` is not implemented for `Args`
[INFO] [stdout]     |
[INFO] [stdout] note: required by a bound in `std::ops::FnOnce`
[INFO] [stdout]    --> /rustc/9610dfe5a9a731ced1ea4923ecbd0c57fe367898/library/core/src/ops/function.rs:242:1
[INFO] [stdout] help: consider further restricting type parameter `Args`
[INFO] [stdout]     |
[INFO] [stdout] 572 |         T: ops::FnOnce<Args>, Args: std::marker::Tuple
[INFO] [stdout]     |                             ~~~~~~~~~~~~~~~~~~~~~~~~~~
[INFO] [stdout] 
[INFO] [stdout] 
[INFO] [stdout] error[E0059]: type parameter to bare `std::ops::FnOnce` trait must be a tuple
[INFO] [stdout]    --> /opt/rustwide/cargo-home/registry/src/index.crates.io-6f17d22bba15001f/serde_closure-0.3.2/src/lib.rs:700:13
[INFO] [stdout]     |
[INFO] [stdout] 700 |     impl<F, I> std::ops::FnOnce<I> for FnOnce<F>
[INFO] [stdout]     |                ^^^^^^^^^^^^^^^^^^^ the trait `Tuple` is not implemented for `I`
[INFO] [stdout]     |
[INFO] [stdout] note: required by a bound in `std::ops::FnOnce`
[INFO] [stdout]    --> /rustc/9610dfe5a9a731ced1ea4923ecbd0c57fe367898/library/core/src/ops/function.rs:242:1
[INFO] [stdout] help: consider further restricting type parameter `I`
[INFO] [stdout]     |
[INFO] [stdout] 702 |         F: internal::FnOnce<I>, I: std::marker::Tuple
[INFO] [stdout]     |                               ~~~~~~~~~~~~~~~~~~~~~~~
[INFO] [stdout] 
[INFO] [stdout] 
[INFO] [stdout] error[E0059]: type parameter to bare `std::ops::FnOnce` trait must be a tuple
[INFO] [stdout]    --> /opt/rustwide/cargo-home/registry/src/index.crates.io-6f17d22bba15001f/serde_closure-0.3.2/src/lib.rs:758:13
[INFO] [stdout]     |
[INFO] [stdout] 758 |     impl<F, I> std::ops::FnOnce<I> for FnMut<F>
[INFO] [stdout]     |                ^^^^^^^^^^^^^^^^^^^ the trait `Tuple` is not implemented for `I`
[INFO] [stdout]     |
[INFO] [stdout] note: required by a bound in `std::ops::FnOnce`
[INFO] [stdout]    --> /rustc/9610dfe5a9a731ced1ea4923ecbd0c57fe367898/library/core/src/ops/function.rs:242:1
[INFO] [stdout] help: consider further restricting type parameter `I`
[INFO] [stdout]     |
[INFO] [stdout] 760 |         F: internal::FnOnce<I>, I: std::marker::Tuple
[INFO] [stdout]     |                               ~~~~~~~~~~~~~~~~~~~~~~~
[INFO] [stdout] 
[INFO] [stdout] 
[INFO] [stdout] error[E0059]: type parameter to bare `std::ops::FnMut` trait must be a tuple
[INFO] [stdout]    --> /opt/rustwide/cargo-home/registry/src/index.crates.io-6f17d22bba15001f/serde_closure-0.3.2/src/lib.rs:781:13
[INFO] [stdout]     |
[INFO] [stdout] 781 |     impl<F, I> std::ops::FnMut<I> for FnMut<F>
[INFO] [stdout]     |                ^^^^^^^^^^^^^^^^^^ the trait `Tuple` is not implemented for `I`
[INFO] [stdout]     |
[INFO] [stdout] note: required by a bound in `std::ops::FnMut`
[INFO] [stdout]    --> /rustc/9610dfe5a9a731ced1ea4923ecbd0c57fe367898/library/core/src/ops/function.rs:163:1
[INFO] [stdout] help: consider further restricting type parameter `I`
[INFO] [stdout]     |
[INFO] [stdout] 783 |         F: internal::FnMut<I>, I: std::marker::Tuple
[INFO] [stdout]     |                              ~~~~~~~~~~~~~~~~~~~~~~~
[INFO] [stdout] 
[INFO] [stdout] 
[INFO] [stdout] error[E0059]: type parameter to bare `std::ops::FnOnce` trait must be a tuple
[INFO] [stdout]    --> /opt/rustwide/cargo-home/registry/src/index.crates.io-6f17d22bba15001f/serde_closure-0.3.2/src/lib.rs:836:13
[INFO] [stdout]     |
[INFO] [stdout] 836 |     impl<F, I> std::ops::FnOnce<I> for Fn<F>
[INFO] [stdout]     |                ^^^^^^^^^^^^^^^^^^^ the trait `Tuple` is not implemented for `I`
[INFO] [stdout]     |
[INFO] [stdout] note: required by a bound in `std::ops::FnOnce`
[INFO] [stdout]    --> /rustc/9610dfe5a9a731ced1ea4923ecbd0c57fe367898/library/core/src/ops/function.rs:242:1
[INFO] [stdout] help: consider further restricting type parameter `I`
[INFO] [stdout]     |
[INFO] [stdout] 838 |         F: internal::FnOnce<I>, I: std::marker::Tuple
[INFO] [stdout]     |                               ~~~~~~~~~~~~~~~~~~~~~~~
[INFO] [stdout] 
[INFO] [stdout] 
[INFO] [stdout] error[E0059]: type parameter to bare `std::ops::FnMut` trait must be a tuple
[INFO] [stdout]    --> /opt/rustwide/cargo-home/registry/src/index.crates.io-6f17d22bba15001f/serde_closure-0.3.2/src/lib.rs:859:13
[INFO] [stdout]     |
[INFO] [stdout] 859 |     impl<F, I> std::ops::FnMut<I> for Fn<F>
[INFO] [stdout]     |                ^^^^^^^^^^^^^^^^^^ the trait `Tuple` is not implemented for `I`
[INFO] [stdout]     |
[INFO] [stdout] note: required by a bound in `std::ops::FnMut`
[INFO] [stdout]    --> /rustc/9610dfe5a9a731ced1ea4923ecbd0c57fe367898/library/core/src/ops/function.rs:163:1
[INFO] [stdout] help: consider further restricting type parameter `I`
[INFO] [stdout]     |
[INFO] [stdout] 861 |         F: internal::FnMut<I>, I: std::marker::Tuple
[INFO] [stdout]     |                              ~~~~~~~~~~~~~~~~~~~~~~~
[INFO] [stdout] 
[INFO] [stdout] 
[INFO] [stdout] error[E0059]: type parameter to bare `std::ops::Fn` trait must be a tuple
[INFO] [stdout]    --> /opt/rustwide/cargo-home/registry/src/index.crates.io-6f17d22bba15001f/serde_closure-0.3.2/src/lib.rs:880:13
[INFO] [stdout]     |
[INFO] [stdout] 880 |     impl<F, I> std::ops::Fn<I> for Fn<F>
[INFO] [stdout]     |                ^^^^^^^^^^^^^^^ the trait `Tuple` is not implemented for `I`
[INFO] [stdout]     |
[INFO] [stdout] note: required by a bound in `std::ops::Fn`
[INFO] [stdout]    --> /rustc/9610dfe5a9a731ced1ea4923ecbd0c57fe367898/library/core/src/ops/function.rs:76:1
[INFO] [stdout] help: consider further restricting type parameter `I`
[INFO] [stdout]     |
[INFO] [stdout] 882 |         F: internal::Fn<I>, I: std::marker::Tuple
[INFO] [stdout]     |                           ~~~~~~~~~~~~~~~~~~~~~~~
[INFO] [stdout] 
[INFO] [stdout] 
[INFO] [stdout] error[E0277]: functions with the "rust-call" ABI must take a single non-self tuple argument
[INFO] [stdout]    --> /opt/rustwide/cargo-home/registry/src/index.crates.io-6f17d22bba15001f/serde_closure-0.3.2/src/lib.rs:707:3
[INFO] [stdout]     |
[INFO] [stdout] 707 |         extern "rust-call" fn call_once(self, args: I) -> Self::Output {
[INFO] [stdout]     |         ^^^^^^^^^^^^^^^^^^^^^^^^^^^^^^^^^^^^^^^^^^^^^^^^^^^^^^^^^^^^^^ the trait `Tuple` is not implemented for `I`
[INFO] [stdout]     |
[INFO] [stdout] help: consider further restricting type parameter `I`
[INFO] [stdout]     |
[INFO] [stdout] 702 |         F: internal::FnOnce<I>, I: std::marker::Tuple
[INFO] [stdout]     |                               ~~~~~~~~~~~~~~~~~~~~~~~
[INFO] [stdout] 
[INFO] [stdout] 
[INFO] [stdout] error[E0277]: functions with the "rust-call" ABI must take a single non-self tuple argument
[INFO] [stdout]    --> /opt/rustwide/cargo-home/registry/src/index.crates.io-6f17d22bba15001f/serde_closure-0.3.2/src/lib.rs:765:3
[INFO] [stdout]     |
[INFO] [stdout] 765 |         extern "rust-call" fn call_once(self, args: I) -> Self::Output {
[INFO] [stdout]     |         ^^^^^^^^^^^^^^^^^^^^^^^^^^^^^^^^^^^^^^^^^^^^^^^^^^^^^^^^^^^^^^ the trait `Tuple` is not implemented for `I`
[INFO] [stdout]     |
[INFO] [stdout] help: consider further restricting type parameter `I`
[INFO] [stdout]     |
[INFO] [stdout] 760 |         F: internal::FnOnce<I>, I: std::marker::Tuple
[INFO] [stdout]     |                               ~~~~~~~~~~~~~~~~~~~~~~~
[INFO] [stdout] 
[INFO] [stdout] 
[INFO] [stdout] error[E0277]: functions with the "rust-call" ABI must take a single non-self tuple argument
[INFO] [stdout]    --> /opt/rustwide/cargo-home/registry/src/index.crates.io-6f17d22bba15001f/serde_closure-0.3.2/src/lib.rs:786:3
[INFO] [stdout]     |
[INFO] [stdout] 786 |         extern "rust-call" fn call_mut(&mut self, args: I) -> Self::Output {
[INFO] [stdout]     |         ^^^^^^^^^^^^^^^^^^^^^^^^^^^^^^^^^^^^^^^^^^^^^^^^^^^^^^^^^^^^^^^^^^ the trait `Tuple` is not implemented for `I`
[INFO] [stdout]     |
[INFO] [stdout] help: consider further restricting type parameter `I`
[INFO] [stdout]     |
[INFO] [stdout] 783 |         F: internal::FnMut<I>, I: std::marker::Tuple
[INFO] [stdout]     |                              ~~~~~~~~~~~~~~~~~~~~~~~
[INFO] [stdout] 
[INFO] [stdout] 
[INFO] [stdout] error[E0277]: functions with the "rust-call" ABI must take a single non-self tuple argument
[INFO] [stdout]    --> /opt/rustwide/cargo-home/registry/src/index.crates.io-6f17d22bba15001f/serde_closure-0.3.2/src/lib.rs:843:3
[INFO] [stdout]     |
[INFO] [stdout] 843 |         extern "rust-call" fn call_once(self, args: I) -> Self::Output {
[INFO] [stdout]     |         ^^^^^^^^^^^^^^^^^^^^^^^^^^^^^^^^^^^^^^^^^^^^^^^^^^^^^^^^^^^^^^ the trait `Tuple` is not implemented for `I`
[INFO] [stdout]     |
[INFO] [stdout] help: consider further restricting type parameter `I`
[INFO] [stdout]     |
[INFO] [stdout] 838 |         F: internal::FnOnce<I>, I: std::marker::Tuple
[INFO] [stdout]     |                               ~~~~~~~~~~~~~~~~~~~~~~~
[INFO] [stdout] 
[INFO] [stdout] 
[INFO] [stdout] error[E0277]: functions with the "rust-call" ABI must take a single non-self tuple argument
[INFO] [stdout]    --> /opt/rustwide/cargo-home/registry/src/index.crates.io-6f17d22bba15001f/serde_closure-0.3.2/src/lib.rs:864:3
[INFO] [stdout]     |
[INFO] [stdout] 864 |         extern "rust-call" fn call_mut(&mut self, args: I) -> Self::Output {
[INFO] [stdout]     |         ^^^^^^^^^^^^^^^^^^^^^^^^^^^^^^^^^^^^^^^^^^^^^^^^^^^^^^^^^^^^^^^^^^ the trait `Tuple` is not implemented for `I`
[INFO] [stdout]     |
[INFO] [stdout] help: consider further restricting type parameter `I`
[INFO] [stdout]     |
[INFO] [stdout] 861 |         F: internal::FnMut<I>, I: std::marker::Tuple
[INFO] [stdout]     |                              ~~~~~~~~~~~~~~~~~~~~~~~
[INFO] [stdout] 
[INFO] [stdout] 
[INFO] [stdout] error[E0277]: functions with the "rust-call" ABI must take a single non-self tuple argument
[INFO] [stdout]    --> /opt/rustwide/cargo-home/registry/src/index.crates.io-6f17d22bba15001f/serde_closure-0.3.2/src/lib.rs:885:3
[INFO] [stdout]     |
[INFO] [stdout] 885 |         extern "rust-call" fn call(&self, args: I) -> Self::Output {
[INFO] [stdout]     |         ^^^^^^^^^^^^^^^^^^^^^^^^^^^^^^^^^^^^^^^^^^^^^^^^^^^^^^^^^^ the trait `Tuple` is not implemented for `I`
[INFO] [stdout]     |
[INFO] [stdout] help: consider further restricting type parameter `I`
[INFO] [stdout]     |
[INFO] [stdout] 882 |         F: internal::Fn<I>, I: std::marker::Tuple
[INFO] [stdout]     |                           ~~~~~~~~~~~~~~~~~~~~~~~
[INFO] [stdout] 
[INFO] [stdout] 
[INFO] [stdout] error: aborting due to 16 previous errors
[INFO] [stdout] 
[INFO] [stdout] 
[INFO] [stdout] Some errors have detailed explanations: E0059, E0277.
[INFO] [stdout] 
[INFO] [stdout] For more information about an error, try `rustc --explain E0059`.
[INFO] [stdout] 
[INFO] [stderr] error: could not compile `serde_closure` (lib) due to 17 previous errors
[INFO] [stderr] warning: build failed, waiting for other jobs to finish...
[INFO] running `Command { std: "docker" "inspect" "cb43c6ab208533f389e8b660f5d3a253e1f3fd053845247d4e9a04001cca67c3", kill_on_drop: false }`
[INFO] running `Command { std: "docker" "rm" "-f" "cb43c6ab208533f389e8b660f5d3a253e1f3fd053845247d4e9a04001cca67c3", kill_on_drop: false }`
[INFO] [stdout] cb43c6ab208533f389e8b660f5d3a253e1f3fd053845247d4e9a04001cca67c3
